 - 3*j**2 + 3*j - 2. Let o = -10 - -6. Let u be p(o). Let b(s) = s**2 - 2*s + 1. Calculate b(u).
1
Suppose -2*j - 3 = h, 2*j = 5*h + 6*j - 9. Let x(g) = -g**3 + 4*g**2 + 6*g - 3. What is x(h)?
2
Let k(t) = 2*t - 3. Let q be k(8). Let u = -8 + q. Let n(d) = 4*d**2 + d**2 + d + u*d**2. What is n(-1)?
9
Let j(w) = w - 6. Let z(o) = -o**3 - 7*o**2 - o - 1. Let b be z(-7). Let l be (-44)/(-7) + b/(-21). Give j(l).
0
Let y(m) = m**3 - m**2 + 2*m - 1. Let k be (-12)/(-21) - (-3)/7. Determine y(k).
1
Let t(b) be the second derivative of -b + 1/3*b**3 + 0 + 2*b**2. Suppose -d + 2 = 5. Calculate t(d).
-2
Let l(a) = 2*a**2 + 1. Let p be -5 + 5/((-10)/(-6)). What is l(p)?
9
Let m(q) = q**2 - 4*q - 4. Let p be (1 - 0)*3/(9/15). Determine m(p).
1
Suppose 6 = 4*y - y. Let f(a) = 5*a**y - 17*a + a**3 + 1 + 17*a. Calculate f(-5).
1
Suppose 0 = 3*x + 8 + 1. Suppose 2 = -2*z + 10. Let b(o) = 3*o - 6*o + z*o. Determine b(x).
-3
Let g(a) be the second derivative of a**5/20 + a**4/3 + a**3/3 + 2*a**2 - 6*a. What is g(-3)?
7
Let o(p) = -3*p - p**3 - 4*p**2 + 3*p - 4*p. Let k(h) = 3*h - 5. Let d be k(5). Suppose 0 = -3*y - d + 1. Give o(y).
3
Let a(k) = -3*k - 8. Suppose 5*o + 4 = 2*b + o, -10 = b + o. What is a(b)?
10
Let c = 13 - 19. Let n = -1 - c. Let d(r) = -r - 6. Calculate d(n).
-11
Let o(g) = g + 3 + 3*g - 3*g**3 - 2*g - 5*g + g**3 + 2*g**2. Suppose -3*c + 6*c + 3*u = 21, -3*c - u = -11. Determine o(c).
-11
Let s(j) = 5*j + 1. Let q be 8 - (-5)/((-15)/6). Let p be -4 + q/((-6)/(-3)). Calculate s(p).
-4
Let h(i) be the first derivative of -i**4/4 + i**3 + 2*i**2 + 2*i - 1. Let a be h(4). Suppose -a*k + 3 = -5. Let r(f) = f**2 - 2*f - 5. What is r(k)?
3
Let k be 4/(-18) - (-76)/18. Suppose b + k*b + 5 = 0. Let g(r) = 0*r**3 + r**2 - 3*r**3 - r**3 + r + 1. Give g(b).
5
Let g(c) be the third derivative of -1/30*c**6 - 1/6*c**3 + 6*c**2 + 1/30*c**5 + 0*c + 0*c**4 + 0. Let f = -1 + 0. Calculate g(f).
5
Let t(n) = n - 3. Suppose -4*z = 16 + 4. Let l = z + 8. Give t(l).
0
Let p(m) = 2*m - 4. Let n = -18 + 22. Suppose 5*r = 6*r - n. Give p(r).
4
Let y(m) = m**3 + 7*m**2 + 5*m - 6. Let h be y(-6). Let f = -4 - h. Let s be 2*((-2)/f + -3). Let o(j) = -j**2 - 5*j - 7. Give o(s).
-7
Let a(p) = -p**2 - 6*p - 1. Let h(n) = 2*n. Let y be h(-3). Let s be y/(-4)*(-4)/(-3). Let o(x) = -x**2 - 6*x. Let l(c) = s*o(c) - 3*a(c). Calculate l(-3).
-6
Let r be -1 - -5 - (-5 + 6). Let z(m) be the third derivative of -m**5/60 + m**4/8 - m**3/2 - m**2. Determine z(r).
-3
Let g(a) = -a**2 + 6*a - 9. Let u be g(4). Let l(y) = -6*y + 0 + 0. What is l(u)?
6
Let b(m) = m**3 - 4*m**2 - m - 1. Suppose 3 = -3*f - 4*c + 7, -5*f - 4*c + 12 = 0. Calculate b(f).
-5
Let x be 3/(-2)*(-20)/6. Let k(q) = -10 + q + q - q. Calculate k(x).
-5
Let t(i) = i**2 + 2*i - 4. Let k(h) = h**2 + h - 3. Let r(f) = 7*k(f) - 6*t(f). What is r(2)?
-3
Let c(b) = 70*b + 0*b**3 + 3*b**3 + 6*b**2 - 2*b**3 - 4 - 77*b. Give c(-7).
-4
Let b(d) be the second derivative of -5*d**3/6 + 2*d. Let g = 3 + -1. Suppose g*x - 6 = 2*k, 8*k = 3*k + 3*x - 7. Calculate b(k).
-5
Let b be (5 - 2)*2/6. Let i(o) = 2*o + 0*o + b + 1. Let x be i(-3). Let a(l) = -l - 1. Calculate a(x).
3
Let d = -17 - -9. Let p be (-1)/(-4) - 14/d. Let o(q) = 2*q**2 - 3*q. Determine o(p).
2
Suppose -4*c + 2*a + 22 = c, 5*a + 13 = 2*c. Let k(q) = -q**3 + 3*q**2 + 4*q - 6. Give k(c).
-6
Let s(o) = -o**2 - 7*o + 10. Let f = 0 + -9. Calculate s(f).
-8
Let j(a) = -a**3 - 6*a**2 - 6*a - 2. Suppose 5*h + 4*z + 45 = 0, -2*h - z = -3*z. What is j(h)?
3
Let m(j) = j**3 + 4*j**2 - 3*j. Let x(l) = 5*l + 5 - l**3 - l**2 - 2 + 1. Let a be x(-3). Let o = a - 12. Calculate m(o).
-10
Let p be -1*(0 + 4/(-4)). Let j(v) = -2*v**3 + v - 6. Let y(k) = -k**3 + k - 7. Let n(q) = 6*j(q) - 5*y(q). Calculate n(p).
-7
Let s be 1/((1/3)/1). Let d be (-4)/(-3) - 1/s. Let b(l) = 0 + 2*l - 3*l - l**2 - d - 4. Calculate b(0).
-5
Let d(s) = 7*s + 10. Let o(b) = 13*b + 19. Let q(j) = 11*d(j) - 6*o(j). What is q(-7)?
3
Let m be (1/(-4))/(2/(-16)). Let j(i) = 8 + 10*i**2 + i**3 - 4*i**m - 3. Determine j(-6).
5
Let w(d) be the first derivative of -d**3/3 - 7*d**2/2 - 7*d + 17. Calculate w(-6).
-1
Let i be (-1)/(-2) - (-2)/(-4). Suppose 5*q + 8 = 4*k, -3*q = -5*k - 4*q + 10. Let l(o) = -2*o + 2*o - o + 3 + k*o. Calculate l(i).
3
Suppose 3*r = 6*r + 30. Let i(f) = f + 14. Let g be i(r). Let v(j) = 0 - j**3 - 2*j - j - 4 + 5*j**2. What is v(g)?
0
Suppose -1 = -j + 5. Let c(r) = j*r - 7*r + 2 - 5. Calculate c(-4).
1
Let c be -1*((-5)/(-2))/((-10)/(-20)). Let q(k) = -k**3 - 5*k**2 + 2*k + 3. What is q(c)?
-7
Let p = -6 - -1. Let f(i) = 3*i**3 + 3*i**2 - 2*i - 3. Let a(w) = w + 5*w - w - 2*w**3 + 7 - 5*w**2 - 5*w**3. Let t(y) = -2*a(y) - 5*f(y). What is t(p)?
1
Suppose -c - 4*r = -8, 2*c - 6*c = 4*r - 8. Let w(k) = -2*k + 2 - 5 + c. Let f = -61 + 59. What is w(f)?
1
Let d = 6 - 4. Let b(z) = -3 - 2*z + z + d*z. Let g = -7 - -11. Determine b(g).
1
Suppose -s = l - 6*s - 20, -3*l - 2*s - 8 = 0. Suppose 0 = -4*c + 6*c - 4. Let t(r) = 2 - r - r**2 + c*r + 3. Calculate t(l).
5
Let m be (-8)/(-12)*3/(-2). Let y(u) = 1 - 3 + 6 - 3 - u. Determine y(m).
2
Let s = -55 - -58. Let k(x) = 2*x. Give k(s).
6
Suppose -8 = 5*v + 12. Let p(f) = -f**3 - 1. Let t be (6 - 0)/(-3) + 1. Let r(l) = l**3 - 4*l**2 + l. Let i(d) = t*r(d) - 2*p(d). What is i(v)?
6
Let h(l) = -5*l**2 + 2*l + 6. Let q = -5 + 10. Suppose -i = q + 1. Let b(c) = -9*c**2 + 3*c + 11. Let r(s) = i*b(s) + 11*h(s). What is r(3)?
3
Let w = -5 + 8. Suppose -3*l - 3 = 3*r - 4*r, r - w = l. Let f(u) = 0*u + 2*u + 7 + l. Give f(-5).
-3
Let j(c) be the second derivative of -1/12*c**4 + 0 + 0*c**3 - 4*c + 1/2*c**2. What is j(-1)?
0
Suppose -4*u - 16 = 4. Let d = u - -4. Let b(r) = 11*r**3 + r**2 + r + 1. What is b(d)?
-10
Let z(h) be the second derivative of -h**4/12 + h**3/6 + h**2/2 - 5*h. Give z(2).
-1
Let z(f) = 15*f**2 + 7*f - 27. Let a(m) = -7*m**2 - 3*m + 13. Let v(s) = 13*a(s) + 6*z(s). Suppose 0 = 5*d - 18 - 7. Give v(d).
-3
Let l(z) = 6*z**2 + 2*z + 1. Let h(x) = x**2 - x - 1. Let y(o) = -5*h(o) + l(o). Let n be 38/(-6) + 32/24. Give y(n).
-4
Let y be ((-2)/(-6))/(4/24). Let u = y - -5. Let w(f) = f - 4. Determine w(u).
3
Let p(r) = -r - 7. Let b be p(-9). Suppose -2*h = -b*z + 2, -9 + 29 = 5*z. Let x(c) = -c**2 + 5*c + 5*c**2 + c**h + 0*c**2 + 3. What is x(-3)?
-3
Suppose -2*m - 2 + 0 = 0. Let r(w) = -2*w**2 + w. Calculate r(m).
-3
Let o(n) = 1. Let q(m) = m**2 - 3*m - 5. Let r(g) = g - 3. Let u be r(7). Let b be q(u). Let s(f) = -2*f + 5. Let c(k) = b*s(k) - 4*o(k). Calculate c(6).
3
Let p(o) = 4*o - 10. Let l(b) = -3*b + 10. Let n(t) = 3*l(t) + 2*p(t). Suppose 2*h = -5*d + d + 36, -2*d - 2*h + 22 = 0. Calculate n(d).
3
Let r(y) be the third derivative of y**5/60 + y**4/8 + y**3/6 + 11*y**2. What is r(-1)?
-1
Let y(s) = 8*s - 6. Let a(o) = -o + 1. Let v(u) = 5*a(u) + y(u). Suppose -2*m + 2*n = -6*m + 2, -3*m + 5*n = 31. What is v(m)?
-7
Let i(y) = y**2 + 3*y - 5. Let v be i(-5). Suppose 3*j + 18 = -0*p - 3*p, -v*j = -4*p - 6. Let u(b) = -b + 0*b**3 - 2 + 3 + b**3. Give u(j).
-5
Let r(f) = -5*f**2 + 12*f - 3. Let c = 5 - 10. Let d(g) = 6*g**2 - 13*g + 2. Let x(p) = c*r(p) - 4*d(p). Determine x(5).
-8
Let m(d) = -d**3 + 5*d**2 - 5*d - 2. Let h = 23 + -19. Give m(h).
-6
Let g = -1 + 3. Let d be (1/2)/(g/4). Let s(z) = 6 + z**2 - 3 + d - 3*z. Give s(3).
4
Suppose -2*u = -n + 4*n - 8, -4*n - 4 = -u. Suppose -3*q - 3*d = -15, 5*q + 7 = u*q + 5*d. Let m(i) = i**q - 5 - 6 + 4. What is m(0)?
-7
Suppose -3*p - 5*d = -23, -2*d + 7*d = 20. Let b(q) = q**2 + q + 2. Let z be b(0). Let h(l) = -z + 0*l - 5*l**2 - l + 3. Give h(p).
-5
Let q = 13 - 2. Let n(l) = 2*l - 7. Let w be n(5). Let t(u) = u**3 + q - 2*u - 9 - w. Determine t(-1).
0
Let r = 42 + -30. Let v = -7 + r. Let p(w) = w**3 - 4*w**2 - 5*w - 5. Determine p(v).
-5
Suppose -2*q = -6 + 2, -u = 4*q - 10. Let i(d) = -u*d - d + 4*d + 5. Give i(-3).
2
Let p(l) = 33*l + 11. Let m(n) = -16*n - 5. Let b(y) = 13*m(y) + 6*p(y). Let t(q) = q. Let r(i) = -b(i) + t(i). Give r(1).
10
Let k(p) = p**3 + 4*p**2 + 4*p. Let s(x) = 16*x - 1. Let g be s(1). Let j be g/(-9) + 1/(-3). Let b be (0 - j)*(-6)/4. Determine k(b).
-3
Suppose 0 = -5*f + 20*f - 30. Let s(z) be the second derivative of -1/2*z**f + 0 - 2*z + 1/6*z**3. De